Hello hi could someone take a look on my logcat and tell me how to resolve it ? I'm using an MTK 6592 on CM12.1 rom
D/NVRAM ( 175): File_Title_Header iMdCleanNum(105)
D/NVRAM ( 175): File_Title_Header iMdImpntNum(0)
D/NVRAM ( 175): File_Title_Header iMdCoreNum(0)
D/NVRAM ( 175): File_Title_Header iMdDataNum(0)
D/NVRAM ( 175): File_Title_Header iMd2BootNum(0)
D/NVRAM ( 175): File_Title_Header iMd2CleanNum(0)
D/NVRAM ( 175): File_Title_Header iMd2ImpntNum(0)
D/NVRAM ( 175): File_Title_Header iFileBufLen(490)
D/NVRAM ( 175): File_Title_Header BackupFlag(0)
D/NVRAM ( 175): FileOp_RestoreFromFiles MD2IMP start !
D/NVRAM ( 175): [FileOp_RestoreData_All] end !
D/SurfaceFlinger( 158): Set power mode=2, type=0 flinger=0xb6482000
I/hwcomposer( 158): [HWC] Blank(0) Display(0)
D/NVRAM ( 175): enter restore from binregion for DM
D/NVRAM ( 175): [NVRAM]:read:131072
D/NVRAM ( 175): [NVRAM]:read:131072
D/NVRAM ( 175): [NVRAM]:not find DM file in bin region
D/NVRAM ( 175): FileOp_RecoveryData:RestoreFromBinRegionForDM fail
D/NVRAM ( 175): Bin Region Restore to NvRam Fail
D/NVRAM ( 175): Begin excute customer callback!!!
D/NVRAM ( 175): nvram daemon callback will run!!!
D/NVRAM ( 175): Callback return 0
D/NVRAM ( 175): Set property success
D/NVRAM ( 175): NVRAM AP_CFG_RDCL_FILE_AUXADC_LID:2
D/NVRAM ( 175): NVM_GetFileDesc ++
D/NVRAM ( 175): NVM_GetFileDesc ++
D/NVRAM ( 175): NVM_GetCfgFileTable : file_lid = 2
D/NVRAM ( 175): NVM_GetCfgFileTable : file_lid = 1
D/NVRAM ( 175): NVM_GetCfgFileTable done
D/NVRAM ( 175): NVM_GetCfgFileTable done
D/NVRAM ( 175): Open /data/nvram/APCFG/APRDCL/AUXADC,LID:2
D/NVRAM ( 175): Open /data/nvram/APCFG/APRDEB/BT_Addr,LID:1
D/NVRAM ( 175): NVM_CmpFileVerNo 2
D/NVRAM ( 175): NVM_GetCfgFileTable : file_lid = 2
D/NVRAM ( 175): NVM_CmpFileVerNo 1
D/NVRAM ( 175): NVM_CheckVerFile: 0
D/NVRAM ( 175): NVM_GetCfgFileTable : file_lid = 1
D/NVRAM ( 175): New version info file
D/NVRAM ( 175): NVM_CheckVerFile: 0
D/NVRAM ( 175): Load File Version: 000, NvRam File Version: 000
D/NVRAM ( 175): New version info file
D/NVRAM ( 175): no need to enc/dnc
D/NVRAM ( 175): Load File Version: 001, NvRam File Version: 001
D/NVRAM ( 175): no need to enc/dnc
D/NVRAM ( 175): [NVRAM Daemon]wifi lid 30 ++
D/NVRAM ( 175): NVM_GetFileDesc ++
D/NVRAM ( 175): NVM_CheckFileSize : 2 ++
D/NVRAM ( 175): iCustomBeginLID = 26
D/NVRAM ( 175): NVM_CheckVerFile: 1
D/NVRAM ( 175): NVM_GetCfgFileTable : file_lid = 2
D/NVRAM ( 175): NVM_GetCfgFileTable : file_lid = 30
D/NVRAM ( 175): NVM_GetCfgFileTable done
D/NVRAM ( 175): Open /data/nvram/APCFG/APRDEB/WIFI,LID:30
D/NVRAM ( 175): NVM_CheckFileSize : 1 ++
D/NVRAM ( 175): iCustomBeginLID = 26
D/NVRAM ( 175): NVM_CmpFileVerNo 30
D/NVRAM ( 175): NVM_CheckVerFile: 1
D/NVRAM ( 175): NVM_GetCfgFileTable : file_lid = 30
D/NVRAM ( 175): NVM_CheckVerFile: 0
D/NVRAM ( 175): NVM_GetCfgFileTable : file_lid = 1
D/NVRAM ( 175): New version info file
D/NVRAM ( 175): NVM_CheckFileSize:stat_size:66,size in table:64
D/NVRAM ( 175): NVM_ProtectUserData
D/NVRAM ( 175): Load File Version: 000, NvRam File Version: 000
D/NVRAM ( 175): NVM_ProtectUserData:Check File
D/NVRAM ( 175): no need to enc/dnc
D/NVRAM ( 175): NVM_CheckFileSize : 30 ++
D/NVRAM ( 175): touch panel calibration
D/NVRAM ( 175): iCustomBeginLID = 26
D/NVRAM ( 175): NVM_CheckVerFile: 1
D/NVRAM ( 175): NVM_GetCfgFileTable : file_lid = 30
D/NVRAM ( 175): NVM_CheckFileSize:stat_size:514,size in table:512
D/NVRAM ( 175): NVM_ProtectUserData
D/NVRAM ( 175): NVM_ProtectUserData:Check File
I/6620_launcher( 159): open device node succeed.(Node:/dev/stpwmt, fd:3)
I/6620_launcher( 159): key:(persist.mtk.wcn.combo.chipid)-value:(0x6592),chipId:0x6592
I/6620_launcher( 159): chip id is 0x6592
D/NVRAM ( 175): NVM_CheckFile: File is correct!
I/6620_launcher( 159): chiId:0x6592, setting to property(persist.mtk.wcn.combo.chipid)
D/NVRAM ( 175): NVM_ProtectUserData:Check Success
D/NVRAM ( 175): NVM_GetFileDesc ProtectDataFile Check Success!!
D/NVRAM ( 175): NVM_GetFileDesc --
D/NVRAM ( 175): NVM_CheckFileSize:stat_size:78,size in table:76
D/NVRAM ( 175): NVM_ProtectUserData
D/NVRAM ( 175): FD 4 rec_size 64 rec_num 1
D/NVRAM ( 175): NVM_ProtectUserData:Check File
D/NVRAM ( 175): Read NVRAM: [BDAddr e6-68-46-58-a3-ed][Voice 60 00][Codec 23 10 00 00] [Radio 07 80 00 06 05 07][Sleep 03 40 1f 40 1f 00 04][BtFTR 80 00] [TxPWOffset ff ff ff][CoexAdjust 00 00 00 00 00 00]
D/NVRAM ( 175): NVM_CheckFile: File is correct!
D/NVRAM ( 175): NVM_ProtectUserData:Check Success
D/NVRAM ( 175): NVM_GetFileDesc ProtectDataFile Check Success!!
D/NVRAM ( 175): NVM_GetFileDesc --
D/NVRAM ( 175): NVM_GetFileDesc ++
D/NVRAM ( 175): NVM_GetCfgFileTable : file_lid = 12
D/NVRAM ( 175): NVM_GetCfgFileTable done
D/NVRAM ( 175): Open /data/nvram/APCFG/APRDCL/HWMON_ACC,LID:12
D/NVRAM ( 175): NVM_CmpFileVerNo 12
D/NVRAM ( 175): NVM_GetCfgFileTable : file_lid = 12
D/NVRAM ( 175): NVM_CheckVerFile: 0
D/NVRAM ( 175): New version info file
D/NVRAM ( 175): Load File Version: 000, NvRam File Version: 000
D/NVRAM ( 175): no need to enc/dnc
D/NVRAM ( 175): NVM_CheckFileSize : 12 ++
D/NVRAM ( 175): iCustomBeginLID = 26
D/NVRAM ( 175): NVM_CheckVerFile: 1
D/NVRAM ( 175): NVM_GetCfgFileTable : file_lid = 12
D/NVRAM ( 175): NVM_CheckFileSize:stat_size:14,size in table:12
D/NVRAM ( 175): NVM_ProtectUserData
D/NVRAM ( 175): NVM_ProtectUserData:Check File
D/NVRAM ( 175): NVM_CheckFile: File is correct!
D/NVRAM ( 175): NVM_ProtectUserData:Check Success
D/NVRAM ( 175): NVM_GetFileDesc ProtectDataFile Check Success!!
D/NVRAM ( 175): NVM_GetFileDesc --
D/NVRAM ( 175): NVM_GetFileDesc ++
D/NVRAM ( 175): NVM_GetCfgFileTable : file_lid = 13
D/NVRAM ( 175): NVM_GetCfgFileTable done
D/NVRAM ( 175): Open /data/nvram/APCFG/APRDCL/HWMON_GYRO,LID:13
D/NVRAM ( 175): NVM_CmpFileVerNo 13
D/NVRAM ( 175): NVM_GetFileDesc ++
D/NVRAM ( 175): NVM_GetCfgFileTable : file_lid = 13
D/NVRAM ( 175): NVM_CheckVerFile: 0
D/NVRAM ( 175): New version info file
D/NVRAM ( 175): Load File Version: 000, NvRam File Version: 000
D/NVRAM ( 175): NVM_GetCfgFileTable : file_lid = 19
D/HWMLIB ( 175): [RN] 0.0000 0.0000 0.0000 => 0 0 0
D/NVRAM ( 175): no need to enc/dnc
D/NVRAM ( 175): NVM_GetCfgFileTable done
D/NVRAM ( 175): NVM_CheckFileSize : 13 ++
D/NVRAM ( 175): iCustomBeginLID = 26
D/NVRAM ( 175): NVM_CheckFile: File is correct!
D/NVRAM ( 175): NVM_CheckVerFile: 1
D/NVRAM ( 175): NVM_ProtectUserData:Check Success
D/NVRAM ( 175): NVM_GetCfgFileTable : file_lid = 13
D/NVRAM ( 175): NVM_GetFileDesc ProtectDataFile Check Success!!
D/NVRAM ( 175): [NVRAM Daemon]product info lid 36 ++
D/NVRAM ( 175): NVM_CheckFileSize:stat_size:14,size in table:12
D/NVRAM ( 175): NVM_GetFileDesc --
D/NVRAM ( 175): NVM_GetFileDesc ++
D/NVRAM ( 175): NVM_ProtectUserData
D/NVRAM ( 175): NVM_ProtectUserData:Check File
D/NVRAM ( 175): [wifi] wifi FD 5 rec_size 512 rec_num 1
D/NVRAM ( 175): [NVRAM Daemon]wifi custom lid 31 ++
D/NVRAM ( 175): Open /data/nvram/APCFG/APRDCL/HWMON_PS,LID:19
D/NVRAM ( 175): NVM_GetFileDesc ++
D/NVRAM ( 175): NVM_GetCfgFileTable : file_lid = 36
D/NVRAM ( 175): NVM_GetCfgFileTable done
D/NVRAM ( 175): NVM_CmpFileVerNo 19
D/NVRAM ( 175): 36 is in new nvram partition!!!
D/NVRAM ( 175): NVM_CheckFile: File is correct!
D/NVRAM ( 175): NVM_GetCfgFileTable : file_lid = 19
D/NVRAM ( 175): New NVRAM partition name is /dev/pro_info.
D/NVRAM ( 175): NVM_ProtectUserData:Check Success
D/NVRAM ( 175): NVM_CheckVerFile: 0
D/NVRAM ( 175): NVM_GetFileDesc ProtectDataFile Check Success!!
D/NVRAM ( 175): NVM_GetCfgFileTable : file_lid = 31
D/NVRAM ( 175): New version info file
D/NVRAM ( 175): NVM_GetCfgFileTable done
D/NVRAM ( 175): NVM_GetFileDesc --
D/NVRAM ( 175): Open /data/nvram/APCFG/APRDEB/WIFI_CUSTOM,LID:31
D/NVRAM ( 175): Load File Version: 000, NvRam File Version: 000
D/HWMLIB ( 175): [RN] 0.0000 0.0000 0.0000 => 0 0 0
D/NVRAM ( 175): no need to enc/dnc
D/NVRAM ( 175): NVM_CmpFileVerNo 31
D/NVRAM ( 175): NVM_CheckFileSize : 19 ++
D/NVRAM ( 175): NVM_GetCfgFileTable : file_lid = 31
D/NVRAM ( 175): iCustomBeginLID = 26
D/NVRAM ( 175): NVM_CheckVerFile: 0
D/NVRAM ( 175): NVM_CheckVerFile: 1
D/NVRAM ( 175): NVM_GetCfgFileTable : file_lid = 19
D/NVRAM ( 175): New version info file
D/NVRAM ( 175): [NVRAM Daemon] product info FID 11 rec_size 1024 rec_num 1
D/NVRAM ( 175): 36 is in new nvram partition!!!
D/NVRAM ( 175): NVM_CheckFileSize:stat_size:14,size in table:12
D/NVRAM ( 175): Load File Version: 000, NvRam File Version: 000
D/NVRAM ( 175): NVM_ProtectUserData
D/NVRAM ( 175): no need to enc/dnc
D/NVRAM ( 175): NVM_ProtectUserData:Check File
D/NVRAM ( 175): NVM_CheckFileSize : 31 ++
D/NVRAM ( 175): iCustomBeginLID = 26
D/NVRAM ( 175): NVM_CheckVerFile: 1
D/NVRAM ( 175): NVM_GetCfgFileTable : file_lid = 31
D/NVRAM ( 175): NVM_CheckFileSize:stat_size:6,size in table:4
D/NVRAM ( 175): NVM_ProtectUserData
D/NVRAM ( 175): NVM_CheckFile: File is correct!
D/NVRAM ( 175): NVM_ProtectUserData:Check File
D/NVRAM ( 175): NVM_ProtectUserData:Check Success
D/NVRAM ( 175): NVM_GetFileDesc ProtectDataFile Check Success!!
D/NVRAM ( 175): NVM_GetFileDesc --
D/NVRAM ( 175): NVM_CheckFile: File is correct!
D/HWMLIB ( 175): nvram read: 0, 0, 0
D/NVRAM ( 175): NVM_ProtectUserData:Check Success
D/NVRAM ( 175): NVM_GetFileDesc ProtectDataFile Check Success!!
D/NVRAM ( 175): NVM_GetFileDesc --
D/NVRAM ( 175): [wifi] wifi custom FD 11 rec_size 4 rec_num 1
D/NVRAM ( 175): NVM_CheckFileSize : 2 ++
D/NVRAM ( 175): NVM_CheckFileSize : 1 ++
D/NVRAM ( 175): iCustomBeginLID = 26
D/NVRAM ( 175): iCustomBeginLID = 26
D/NVRAM ( 175): NVM_CheckVerFile: 1
D/NVRAM ( 175): NVM_CheckVerFile: 1
D/NVRAM ( 175): NVM_GetCfgFileTable : file_lid = 2
D/NVRAM ( 175): NVM_GetCfgFileTable : file_lid = 1
D/NVRAM ( 175): NVM_CheckFileSize:stat_size:78,size in table:76
D/NVRAM ( 175): NVM_CheckFileSize:stat_size:66,size in table:64
D/NVRAM ( 175): NVM_ProtectUserData
D/NVRAM ( 175): NVM_ProtectUserData
D/NVRAM ( 175): NVM_ProtectUserData:Set Check Num
D/NVRAM ( 175): NVM_ProtectUserData:Set Check Num
D/NVRAM ( 175): NVM_SetCheckNo: CheckNo:9e
D/NVRAM ( 175): NVM_SetCheckNo: CheckFlag:0
D/NVRAM ( 175): NVM_SetCheckNo: CheckNo:2b
D/NVRAM ( 175): NVM_SetCheckNo: CheckFlag:0
I/6620_launcher( 159): set property(persist.mtk.wcn.combo.chipid) to 0x6592 succeed.
I/6620_launcher( 159): chipIdProp:key(persist.mtk.wcn.combo.chipid)value( 0x6592)
I/6620_launcher( 159): chiId:0x6592
I/6620_launcher( 159): run SOC chip flow
D/NVRAM ( 175): no need to enc/dnc
D/NVRAM ( 175): no need to enc/dnc
D/NVRAM ( 175): NVM_CloseFileDesc: Open by Readonly, no need to check when close
D/NVRAM ( 175): NVM_CloseFileDesc: Open by Readonly, no need to check when close
D/HWMLIB ( 175): [WD] 0.0000 0.0000 0.0000 => 0 0 0
E/HWMLIB ( 175): alsps_set_cali: set_cali err: -1
D/NVRAM ( 175): set calibration fail: 25(Not a typewriter)
D/NVRAM ( 175): write calibration done
D/NVRAM ( 175): no need to enc/dnc
D/NVRAM ( 175): NVM_CloseFileDesc: Open by Readonly, no need to check when close
D/HWMLIB ( 175): [WD] 0.0000 0.0000 0.0000 => 0 0 0
D/NVRAM ( 175): write gyroscope calibration done
D/NVRAM ( 175): NVM_SetCheckNo: CheckNo generate successfully!
D/NVRAM ( 175): NVM_SetCheckNo: CheckNo generate successfully!
D/NVRAM ( 175): NVM_ProtectUserData:Set Check Num Success
D/NVRAM ( 175): NVM_ProtectUserData:Set Check Num Success
D/NVRAM ( 175): NVM_CloseFileDesc ProtectDataFile Success!!
D/NVRAM ( 175): NVM_CloseFileDesc ProtectDataFile Success!!
D/NVRAM ( 175): no need to enc/dnc
D/NVRAM ( 175): no need to enc/dnc
D/NVRAM ( 175): NVRAM daemon sleep !
D/SurfaceFlinger( 158): SF. shader cache generated - 26 shaders in 45.387848 ms
I/[MALI][Gralloc]( 158): alloc_framebuffer va: 0xb46c2000 mva: 0xfd9f8000
D/libEGL ( 269): loaded /system/lib/egl/libEGL_mali.so
D/libEGL ( 269): loaded /system/lib/egl/libGLESv1_CM_mali.so
D/libEGL ( 269): loaded /system/lib/egl/libGLESv2_mali.so
E/cutils-trace( 269): Error opening trace file: No such file or directory (2)
I/MaliEGL ( 269): [Mali]window_type=1, is_framebuffer=0, errnum = 0
I/MaliEGL ( 269): [Mali]surface->num_buffers=4, surface->num_frames=3, win_min_undequeued=1
I/MaliEGL ( 269): [Mali]max_allowed_dequeued_buffers=3
E/ ( 269): appName=/system/bin/bootanimation, acAppName=/system/bin/surfaceflinger
E/ ( 269): 0
E/BootAnimation( 269): couldn't find audio_conf.txt
I/[MALI][Gralloc]( 269): dlopen libsec_mem.so fail
W/BootAnimation( 269): Audio service is not initiated.
D/permission_check( 178): change_md_nvram_attr--1
E/ccci_fsd(2)( 161): fail to open /dev/ccci2_fs: 2
D/NVRAM ( 175): NVRAM daemon sync start !
D/NVRAM ( 175): NVRAM daemon sync end !
D/NVRAM ( 175): NVRAM daemon exits !
I/Netd ( 673): Netd 1.0 starting
E/Netd ( 673): Failed to open /proc/sys/net/ipv6/conf/default/accept_ra_rt_table: No such file or directory
E/Netd ( 673): Failed to open /proc/sys/net/ipv6/conf/ccmni0/accept_ra_rt_table: No such file or directory
E/Netd ( 673): Failed to open /proc/sys/net/ipv6/conf/ccmni1/accept_ra_rt_table: No such file or directory
E/Netd ( 673): Failed to open /proc/sys/net/ipv6/conf/ccmni2/accept_ra_rt_table: No such file or directory
E/Netd ( 673): Failed to open /proc/sys/net/ipv6/conf/ifb0/accept_ra_rt_table: No such file or directory
E/Netd ( 673): Failed to open /proc/sys/net/ipv6/conf/ifb1/accept_ra_rt_table: No such file or directory
E/Netd ( 673): Failed to open /proc/sys/net/ipv6/conf/ip6tnl0/accept_ra_rt_table: No such file or directory
E/Netd ( 673): Failed to open /proc/sys/net/ipv6/conf/lo/accept_ra_rt_table: No such file or directory
E/Netd ( 673): Failed to open /proc/sys/net/ipv6/conf/sit0/accept_ra_rt_table: No such file or directory
E/Netd ( 673): Failed to open /proc/sys/net/ipv6/conf/tunl0/accept_ra_rt_table: No such file or directory
E/Netd ( 673): Failed to open /proc/sys/net/ipv6/conf/default/use_optimistic: No such file or directory
E/Netd ( 673): Failed to open /proc/sys/net/ipv6/conf/ccmni0/use_optimistic: No such file or directory
E/Netd ( 673): Failed to open /proc/sys/net/ipv6/conf/ccmni1/use_optimistic: No such file or directory
E/Netd ( 673): Failed to open /proc/sys/net/ipv6/conf/ccmni2/use_optimistic: No such file or directory
E/Netd ( 673): Failed to open /proc/sys/net/ipv6/conf/ifb0/use_optimistic: No such file or directory
E/Netd ( 673): Failed to open /proc/sys/net/ipv6/conf/ifb1/use_optimistic: No such file or directory
E/Netd ( 673): Failed to open /proc/sys/net/ipv6/conf/ip6tnl0/use_optimistic: No such file or directory
E/Netd ( 673): Failed to open /proc/sys/net/ipv6/conf/lo/use_optimistic: No such file or directory
E/Netd ( 673): Failed to open /proc/sys/net/ipv6/conf/sit0/use_optimistic: No such file or directory
E/Netd ( 673): Failed to open /proc/sys/net/ipv6/conf/tunl0/use_optimistic: No such file or directory
I/Netd ( 689): Netd 1.0 starting
E/Netd ( 689): Failed to open /proc/sys/net/ipv6/conf/default/accept_ra_rt_table: No such file or directory
E/Netd ( 689): Failed to open /proc/sys/net/ipv6/conf/ccmni0/accept_ra_rt_table: No such file or directory
E/Netd ( 689): Failed to open /proc/sys/net/ipv6/conf/ccmni1/accept_ra_rt_table: No such file or directory
E/Netd ( 689): Failed to open /proc/sys/net/ipv6/conf/ccmni2/accept_ra_rt_table: No such file or directory
E/Netd ( 689): Failed to open /proc/sys/net/ipv6/conf/ifb0/accept_ra_rt_table: No such file or directory
E/Netd ( 689): Failed to open /proc/sys/net/ipv6/conf/ifb1/accept_ra_rt_table: No such file or directory
E/Netd ( 689): Failed to open /proc/sys/net/ipv6/conf/ip6tnl0/accept_ra_rt_table: No such file or directory
E/Netd ( 689): Failed to open /proc/sys/net/ipv6/conf/lo/accept_ra_rt_table: No such file or directory
E/Netd ( 689): Failed to open /proc/sys/net/ipv6/conf/sit0/accept_ra_rt_table: No such file or directory
E/Netd ( 689): Failed to open /proc/sys/net/ipv6/conf/tunl0/accept_ra_rt_table: No such file or directory
E/Netd ( 689): Failed to open /proc/sys/net/ipv6/conf/default/use_optimistic: No such file or directory
E/Netd ( 689): Failed to open /proc/sys/net/ipv6/conf/ccmni0/use_optimistic: No such file or directory
E/Netd ( 689): Failed to open /proc/sys/net/ipv6/conf/ccmni1/use_optimistic: No such file or directory
E/Netd ( 689): Failed to open /proc/sys/net/ipv6/conf/ccmni2/use_optimistic: No such file or directory
E/Netd ( 689): Failed to open /proc/sys/net/ipv6/conf/ifb0/use_optimistic: No such file or directory
E/Netd ( 689): Failed to open /proc/sys/net/ipv6/conf/ifb1/use_optimistic: No such file or directory
E/Netd ( 689): Failed to open /proc/sys/net/ipv6/conf/ip6tnl0/use_optimistic: No such file or directory
E/Netd ( 689): Failed to open /proc/sys/net/ipv6/conf/lo/use_optimistic: No such file or directory
E/Netd ( 689): Failed to open /proc/sys/net/ipv6/conf/sit0/use_optimistic: No such file or directory
E/Netd ( 689): Failed to open /proc/sys/net/ipv6/conf/tunl0/use_optimistic: No such file or directory
C:\Users\firas\Downloads\MtkDroidTools v2.5.3\New Folder>
D/NVRAM ( 175): File_Title_Header iMdCleanNum(105)
D/NVRAM ( 175): File_Title_Header iMdImpntNum(0)
D/NVRAM ( 175): File_Title_Header iMdCoreNum(0)
D/NVRAM ( 175): File_Title_Header iMdDataNum(0)
D/NVRAM ( 175): File_Title_Header iMd2BootNum(0)
D/NVRAM ( 175): File_Title_Header iMd2CleanNum(0)
D/NVRAM ( 175): File_Title_Header iMd2ImpntNum(0)
D/NVRAM ( 175): File_Title_Header iFileBufLen(490)
D/NVRAM ( 175): File_Title_Header BackupFlag(0)
D/NVRAM ( 175): FileOp_RestoreFromFiles MD2IMP start !
D/NVRAM ( 175): [FileOp_RestoreData_All] end !
D/SurfaceFlinger( 158): Set power mode=2, type=0 flinger=0xb6482000
I/hwcomposer( 158): [HWC] Blank(0) Display(0)
D/NVRAM ( 175): enter restore from binregion for DM
D/NVRAM ( 175): [NVRAM]:read:131072
D/NVRAM ( 175): [NVRAM]:read:131072
D/NVRAM ( 175): [NVRAM]:not find DM file in bin region
D/NVRAM ( 175): FileOp_RecoveryData:RestoreFromBinRegionForDM fail
D/NVRAM ( 175): Bin Region Restore to NvRam Fail
D/NVRAM ( 175): Begin excute customer callback!!!
D/NVRAM ( 175): nvram daemon callback will run!!!
D/NVRAM ( 175): Callback return 0
D/NVRAM ( 175): Set property success
D/NVRAM ( 175): NVRAM AP_CFG_RDCL_FILE_AUXADC_LID:2
D/NVRAM ( 175): NVM_GetFileDesc ++
D/NVRAM ( 175): NVM_GetFileDesc ++
D/NVRAM ( 175): NVM_GetCfgFileTable : file_lid = 2
D/NVRAM ( 175): NVM_GetCfgFileTable : file_lid = 1
D/NVRAM ( 175): NVM_GetCfgFileTable done
D/NVRAM ( 175): NVM_GetCfgFileTable done
D/NVRAM ( 175): Open /data/nvram/APCFG/APRDCL/AUXADC,LID:2
D/NVRAM ( 175): Open /data/nvram/APCFG/APRDEB/BT_Addr,LID:1
D/NVRAM ( 175): NVM_CmpFileVerNo 2
D/NVRAM ( 175): NVM_GetCfgFileTable : file_lid = 2
D/NVRAM ( 175): NVM_CmpFileVerNo 1
D/NVRAM ( 175): NVM_CheckVerFile: 0
D/NVRAM ( 175): NVM_GetCfgFileTable : file_lid = 1
D/NVRAM ( 175): New version info file
D/NVRAM ( 175): NVM_CheckVerFile: 0
D/NVRAM ( 175): Load File Version: 000, NvRam File Version: 000
D/NVRAM ( 175): New version info file
D/NVRAM ( 175): no need to enc/dnc
D/NVRAM ( 175): Load File Version: 001, NvRam File Version: 001
D/NVRAM ( 175): no need to enc/dnc
D/NVRAM ( 175): [NVRAM Daemon]wifi lid 30 ++
D/NVRAM ( 175): NVM_GetFileDesc ++
D/NVRAM ( 175): NVM_CheckFileSize : 2 ++
D/NVRAM ( 175): iCustomBeginLID = 26
D/NVRAM ( 175): NVM_CheckVerFile: 1
D/NVRAM ( 175): NVM_GetCfgFileTable : file_lid = 2
D/NVRAM ( 175): NVM_GetCfgFileTable : file_lid = 30
D/NVRAM ( 175): NVM_GetCfgFileTable done
D/NVRAM ( 175): Open /data/nvram/APCFG/APRDEB/WIFI,LID:30
D/NVRAM ( 175): NVM_CheckFileSize : 1 ++
D/NVRAM ( 175): iCustomBeginLID = 26
D/NVRAM ( 175): NVM_CmpFileVerNo 30
D/NVRAM ( 175): NVM_CheckVerFile: 1
D/NVRAM ( 175): NVM_GetCfgFileTable : file_lid = 30
D/NVRAM ( 175): NVM_CheckVerFile: 0
D/NVRAM ( 175): NVM_GetCfgFileTable : file_lid = 1
D/NVRAM ( 175): New version info file
D/NVRAM ( 175): NVM_CheckFileSize:stat_size:66,size in table:64
D/NVRAM ( 175): NVM_ProtectUserData
D/NVRAM ( 175): Load File Version: 000, NvRam File Version: 000
D/NVRAM ( 175): NVM_ProtectUserData:Check File
D/NVRAM ( 175): no need to enc/dnc
D/NVRAM ( 175): NVM_CheckFileSize : 30 ++
D/NVRAM ( 175): touch panel calibration
D/NVRAM ( 175): iCustomBeginLID = 26
D/NVRAM ( 175): NVM_CheckVerFile: 1
D/NVRAM ( 175): NVM_GetCfgFileTable : file_lid = 30
D/NVRAM ( 175): NVM_CheckFileSize:stat_size:514,size in table:512
D/NVRAM ( 175): NVM_ProtectUserData
D/NVRAM ( 175): NVM_ProtectUserData:Check File
I/6620_launcher( 159): open device node succeed.(Node:/dev/stpwmt, fd:3)
I/6620_launcher( 159): key:(persist.mtk.wcn.combo.chipid)-value:(0x6592),chipId:0x6592
I/6620_launcher( 159): chip id is 0x6592
D/NVRAM ( 175): NVM_CheckFile: File is correct!
I/6620_launcher( 159): chiId:0x6592, setting to property(persist.mtk.wcn.combo.chipid)
D/NVRAM ( 175): NVM_ProtectUserData:Check Success
D/NVRAM ( 175): NVM_GetFileDesc ProtectDataFile Check Success!!
D/NVRAM ( 175): NVM_GetFileDesc --
D/NVRAM ( 175): NVM_CheckFileSize:stat_size:78,size in table:76
D/NVRAM ( 175): NVM_ProtectUserData
D/NVRAM ( 175): FD 4 rec_size 64 rec_num 1
D/NVRAM ( 175): NVM_ProtectUserData:Check File
D/NVRAM ( 175): Read NVRAM: [BDAddr e6-68-46-58-a3-ed][Voice 60 00][Codec 23 10 00 00] [Radio 07 80 00 06 05 07][Sleep 03 40 1f 40 1f 00 04][BtFTR 80 00] [TxPWOffset ff ff ff][CoexAdjust 00 00 00 00 00 00]
D/NVRAM ( 175): NVM_CheckFile: File is correct!
D/NVRAM ( 175): NVM_ProtectUserData:Check Success
D/NVRAM ( 175): NVM_GetFileDesc ProtectDataFile Check Success!!
D/NVRAM ( 175): NVM_GetFileDesc --
D/NVRAM ( 175): NVM_GetFileDesc ++
D/NVRAM ( 175): NVM_GetCfgFileTable : file_lid = 12
D/NVRAM ( 175): NVM_GetCfgFileTable done
D/NVRAM ( 175): Open /data/nvram/APCFG/APRDCL/HWMON_ACC,LID:12
D/NVRAM ( 175): NVM_CmpFileVerNo 12
D/NVRAM ( 175): NVM_GetCfgFileTable : file_lid = 12
D/NVRAM ( 175): NVM_CheckVerFile: 0
D/NVRAM ( 175): New version info file
D/NVRAM ( 175): Load File Version: 000, NvRam File Version: 000
D/NVRAM ( 175): no need to enc/dnc
D/NVRAM ( 175): NVM_CheckFileSize : 12 ++
D/NVRAM ( 175): iCustomBeginLID = 26
D/NVRAM ( 175): NVM_CheckVerFile: 1
D/NVRAM ( 175): NVM_GetCfgFileTable : file_lid = 12
D/NVRAM ( 175): NVM_CheckFileSize:stat_size:14,size in table:12
D/NVRAM ( 175): NVM_ProtectUserData
D/NVRAM ( 175): NVM_ProtectUserData:Check File
D/NVRAM ( 175): NVM_CheckFile: File is correct!
D/NVRAM ( 175): NVM_ProtectUserData:Check Success
D/NVRAM ( 175): NVM_GetFileDesc ProtectDataFile Check Success!!
D/NVRAM ( 175): NVM_GetFileDesc --
D/NVRAM ( 175): NVM_GetFileDesc ++
D/NVRAM ( 175): NVM_GetCfgFileTable : file_lid = 13
D/NVRAM ( 175): NVM_GetCfgFileTable done
D/NVRAM ( 175): Open /data/nvram/APCFG/APRDCL/HWMON_GYRO,LID:13
D/NVRAM ( 175): NVM_CmpFileVerNo 13
D/NVRAM ( 175): NVM_GetFileDesc ++
D/NVRAM ( 175): NVM_GetCfgFileTable : file_lid = 13
D/NVRAM ( 175): NVM_CheckVerFile: 0
D/NVRAM ( 175): New version info file
D/NVRAM ( 175): Load File Version: 000, NvRam File Version: 000
D/NVRAM ( 175): NVM_GetCfgFileTable : file_lid = 19
D/HWMLIB ( 175): [RN] 0.0000 0.0000 0.0000 => 0 0 0
D/NVRAM ( 175): no need to enc/dnc
D/NVRAM ( 175): NVM_GetCfgFileTable done
D/NVRAM ( 175): NVM_CheckFileSize : 13 ++
D/NVRAM ( 175): iCustomBeginLID = 26
D/NVRAM ( 175): NVM_CheckFile: File is correct!
D/NVRAM ( 175): NVM_CheckVerFile: 1
D/NVRAM ( 175): NVM_ProtectUserData:Check Success
D/NVRAM ( 175): NVM_GetCfgFileTable : file_lid = 13
D/NVRAM ( 175): NVM_GetFileDesc ProtectDataFile Check Success!!
D/NVRAM ( 175): [NVRAM Daemon]product info lid 36 ++
D/NVRAM ( 175): NVM_CheckFileSize:stat_size:14,size in table:12
D/NVRAM ( 175): NVM_GetFileDesc --
D/NVRAM ( 175): NVM_GetFileDesc ++
D/NVRAM ( 175): NVM_ProtectUserData
D/NVRAM ( 175): NVM_ProtectUserData:Check File
D/NVRAM ( 175): [wifi] wifi FD 5 rec_size 512 rec_num 1
D/NVRAM ( 175): [NVRAM Daemon]wifi custom lid 31 ++
D/NVRAM ( 175): Open /data/nvram/APCFG/APRDCL/HWMON_PS,LID:19
D/NVRAM ( 175): NVM_GetFileDesc ++
D/NVRAM ( 175): NVM_GetCfgFileTable : file_lid = 36
D/NVRAM ( 175): NVM_GetCfgFileTable done
D/NVRAM ( 175): NVM_CmpFileVerNo 19
D/NVRAM ( 175): 36 is in new nvram partition!!!
D/NVRAM ( 175): NVM_CheckFile: File is correct!
D/NVRAM ( 175): NVM_GetCfgFileTable : file_lid = 19
D/NVRAM ( 175): New NVRAM partition name is /dev/pro_info.
D/NVRAM ( 175): NVM_ProtectUserData:Check Success
D/NVRAM ( 175): NVM_CheckVerFile: 0
D/NVRAM ( 175): NVM_GetFileDesc ProtectDataFile Check Success!!
D/NVRAM ( 175): NVM_GetCfgFileTable : file_lid = 31
D/NVRAM ( 175): New version info file
D/NVRAM ( 175): NVM_GetCfgFileTable done
D/NVRAM ( 175): NVM_GetFileDesc --
D/NVRAM ( 175): Open /data/nvram/APCFG/APRDEB/WIFI_CUSTOM,LID:31
D/NVRAM ( 175): Load File Version: 000, NvRam File Version: 000
D/HWMLIB ( 175): [RN] 0.0000 0.0000 0.0000 => 0 0 0
D/NVRAM ( 175): no need to enc/dnc
D/NVRAM ( 175): NVM_CmpFileVerNo 31
D/NVRAM ( 175): NVM_CheckFileSize : 19 ++
D/NVRAM ( 175): NVM_GetCfgFileTable : file_lid = 31
D/NVRAM ( 175): iCustomBeginLID = 26
D/NVRAM ( 175): NVM_CheckVerFile: 0
D/NVRAM ( 175): NVM_CheckVerFile: 1
D/NVRAM ( 175): NVM_GetCfgFileTable : file_lid = 19
D/NVRAM ( 175): New version info file
D/NVRAM ( 175): [NVRAM Daemon] product info FID 11 rec_size 1024 rec_num 1
D/NVRAM ( 175): 36 is in new nvram partition!!!
D/NVRAM ( 175): NVM_CheckFileSize:stat_size:14,size in table:12
D/NVRAM ( 175): Load File Version: 000, NvRam File Version: 000
D/NVRAM ( 175): NVM_ProtectUserData
D/NVRAM ( 175): no need to enc/dnc
D/NVRAM ( 175): NVM_ProtectUserData:Check File
D/NVRAM ( 175): NVM_CheckFileSize : 31 ++
D/NVRAM ( 175): iCustomBeginLID = 26
D/NVRAM ( 175): NVM_CheckVerFile: 1
D/NVRAM ( 175): NVM_GetCfgFileTable : file_lid = 31
D/NVRAM ( 175): NVM_CheckFileSize:stat_size:6,size in table:4
D/NVRAM ( 175): NVM_ProtectUserData
D/NVRAM ( 175): NVM_CheckFile: File is correct!
D/NVRAM ( 175): NVM_ProtectUserData:Check File
D/NVRAM ( 175): NVM_ProtectUserData:Check Success
D/NVRAM ( 175): NVM_GetFileDesc ProtectDataFile Check Success!!
D/NVRAM ( 175): NVM_GetFileDesc --
D/NVRAM ( 175): NVM_CheckFile: File is correct!
D/HWMLIB ( 175): nvram read: 0, 0, 0
D/NVRAM ( 175): NVM_ProtectUserData:Check Success
D/NVRAM ( 175): NVM_GetFileDesc ProtectDataFile Check Success!!
D/NVRAM ( 175): NVM_GetFileDesc --
D/NVRAM ( 175): [wifi] wifi custom FD 11 rec_size 4 rec_num 1
D/NVRAM ( 175): NVM_CheckFileSize : 2 ++
D/NVRAM ( 175): NVM_CheckFileSize : 1 ++
D/NVRAM ( 175): iCustomBeginLID = 26
D/NVRAM ( 175): iCustomBeginLID = 26
D/NVRAM ( 175): NVM_CheckVerFile: 1
D/NVRAM ( 175): NVM_CheckVerFile: 1
D/NVRAM ( 175): NVM_GetCfgFileTable : file_lid = 2
D/NVRAM ( 175): NVM_GetCfgFileTable : file_lid = 1
D/NVRAM ( 175): NVM_CheckFileSize:stat_size:78,size in table:76
D/NVRAM ( 175): NVM_CheckFileSize:stat_size:66,size in table:64
D/NVRAM ( 175): NVM_ProtectUserData
D/NVRAM ( 175): NVM_ProtectUserData
D/NVRAM ( 175): NVM_ProtectUserData:Set Check Num
D/NVRAM ( 175): NVM_ProtectUserData:Set Check Num
D/NVRAM ( 175): NVM_SetCheckNo: CheckNo:9e
D/NVRAM ( 175): NVM_SetCheckNo: CheckFlag:0
D/NVRAM ( 175): NVM_SetCheckNo: CheckNo:2b
D/NVRAM ( 175): NVM_SetCheckNo: CheckFlag:0
I/6620_launcher( 159): set property(persist.mtk.wcn.combo.chipid) to 0x6592 succeed.
I/6620_launcher( 159): chipIdProp:key(persist.mtk.wcn.combo.chipid)value( 0x6592)
I/6620_launcher( 159): chiId:0x6592
I/6620_launcher( 159): run SOC chip flow
D/NVRAM ( 175): no need to enc/dnc
D/NVRAM ( 175): no need to enc/dnc
D/NVRAM ( 175): NVM_CloseFileDesc: Open by Readonly, no need to check when close
D/NVRAM ( 175): NVM_CloseFileDesc: Open by Readonly, no need to check when close
D/HWMLIB ( 175): [WD] 0.0000 0.0000 0.0000 => 0 0 0
E/HWMLIB ( 175): alsps_set_cali: set_cali err: -1
D/NVRAM ( 175): set calibration fail: 25(Not a typewriter)
D/NVRAM ( 175): write calibration done
D/NVRAM ( 175): no need to enc/dnc
D/NVRAM ( 175): NVM_CloseFileDesc: Open by Readonly, no need to check when close
D/HWMLIB ( 175): [WD] 0.0000 0.0000 0.0000 => 0 0 0
D/NVRAM ( 175): write gyroscope calibration done
D/NVRAM ( 175): NVM_SetCheckNo: CheckNo generate successfully!
D/NVRAM ( 175): NVM_SetCheckNo: CheckNo generate successfully!
D/NVRAM ( 175): NVM_ProtectUserData:Set Check Num Success
D/NVRAM ( 175): NVM_ProtectUserData:Set Check Num Success
D/NVRAM ( 175): NVM_CloseFileDesc ProtectDataFile Success!!
D/NVRAM ( 175): NVM_CloseFileDesc ProtectDataFile Success!!
D/NVRAM ( 175): no need to enc/dnc
D/NVRAM ( 175): no need to enc/dnc
D/NVRAM ( 175): NVRAM daemon sleep !
D/SurfaceFlinger( 158): SF. shader cache generated - 26 shaders in 45.387848 ms
I/[MALI][Gralloc]( 158): alloc_framebuffer va: 0xb46c2000 mva: 0xfd9f8000
D/libEGL ( 269): loaded /system/lib/egl/libEGL_mali.so
D/libEGL ( 269): loaded /system/lib/egl/libGLESv1_CM_mali.so
D/libEGL ( 269): loaded /system/lib/egl/libGLESv2_mali.so
E/cutils-trace( 269): Error opening trace file: No such file or directory (2)
I/MaliEGL ( 269): [Mali]window_type=1, is_framebuffer=0, errnum = 0
I/MaliEGL ( 269): [Mali]surface->num_buffers=4, surface->num_frames=3, win_min_undequeued=1
I/MaliEGL ( 269): [Mali]max_allowed_dequeued_buffers=3
E/ ( 269): appName=/system/bin/bootanimation, acAppName=/system/bin/surfaceflinger
E/ ( 269): 0
E/BootAnimation( 269): couldn't find audio_conf.txt
I/[MALI][Gralloc]( 269): dlopen libsec_mem.so fail
W/BootAnimation( 269): Audio service is not initiated.
D/permission_check( 178): change_md_nvram_attr--1
E/ccci_fsd(2)( 161): fail to open /dev/ccci2_fs: 2
D/NVRAM ( 175): NVRAM daemon sync start !
D/NVRAM ( 175): NVRAM daemon sync end !
D/NVRAM ( 175): NVRAM daemon exits !
I/Netd ( 673): Netd 1.0 starting
E/Netd ( 673): Failed to open /proc/sys/net/ipv6/conf/default/accept_ra_rt_table: No such file or directory
E/Netd ( 673): Failed to open /proc/sys/net/ipv6/conf/ccmni0/accept_ra_rt_table: No such file or directory
E/Netd ( 673): Failed to open /proc/sys/net/ipv6/conf/ccmni1/accept_ra_rt_table: No such file or directory
E/Netd ( 673): Failed to open /proc/sys/net/ipv6/conf/ccmni2/accept_ra_rt_table: No such file or directory
E/Netd ( 673): Failed to open /proc/sys/net/ipv6/conf/ifb0/accept_ra_rt_table: No such file or directory
E/Netd ( 673): Failed to open /proc/sys/net/ipv6/conf/ifb1/accept_ra_rt_table: No such file or directory
E/Netd ( 673): Failed to open /proc/sys/net/ipv6/conf/ip6tnl0/accept_ra_rt_table: No such file or directory
E/Netd ( 673): Failed to open /proc/sys/net/ipv6/conf/lo/accept_ra_rt_table: No such file or directory
E/Netd ( 673): Failed to open /proc/sys/net/ipv6/conf/sit0/accept_ra_rt_table: No such file or directory
E/Netd ( 673): Failed to open /proc/sys/net/ipv6/conf/tunl0/accept_ra_rt_table: No such file or directory
E/Netd ( 673): Failed to open /proc/sys/net/ipv6/conf/default/use_optimistic: No such file or directory
E/Netd ( 673): Failed to open /proc/sys/net/ipv6/conf/ccmni0/use_optimistic: No such file or directory
E/Netd ( 673): Failed to open /proc/sys/net/ipv6/conf/ccmni1/use_optimistic: No such file or directory
E/Netd ( 673): Failed to open /proc/sys/net/ipv6/conf/ccmni2/use_optimistic: No such file or directory
E/Netd ( 673): Failed to open /proc/sys/net/ipv6/conf/ifb0/use_optimistic: No such file or directory
E/Netd ( 673): Failed to open /proc/sys/net/ipv6/conf/ifb1/use_optimistic: No such file or directory
E/Netd ( 673): Failed to open /proc/sys/net/ipv6/conf/ip6tnl0/use_optimistic: No such file or directory
E/Netd ( 673): Failed to open /proc/sys/net/ipv6/conf/lo/use_optimistic: No such file or directory
E/Netd ( 673): Failed to open /proc/sys/net/ipv6/conf/sit0/use_optimistic: No such file or directory
E/Netd ( 673): Failed to open /proc/sys/net/ipv6/conf/tunl0/use_optimistic: No such file or directory
I/Netd ( 689): Netd 1.0 starting
E/Netd ( 689): Failed to open /proc/sys/net/ipv6/conf/default/accept_ra_rt_table: No such file or directory
E/Netd ( 689): Failed to open /proc/sys/net/ipv6/conf/ccmni0/accept_ra_rt_table: No such file or directory
E/Netd ( 689): Failed to open /proc/sys/net/ipv6/conf/ccmni1/accept_ra_rt_table: No such file or directory
E/Netd ( 689): Failed to open /proc/sys/net/ipv6/conf/ccmni2/accept_ra_rt_table: No such file or directory
E/Netd ( 689): Failed to open /proc/sys/net/ipv6/conf/ifb0/accept_ra_rt_table: No such file or directory
E/Netd ( 689): Failed to open /proc/sys/net/ipv6/conf/ifb1/accept_ra_rt_table: No such file or directory
E/Netd ( 689): Failed to open /proc/sys/net/ipv6/conf/ip6tnl0/accept_ra_rt_table: No such file or directory
E/Netd ( 689): Failed to open /proc/sys/net/ipv6/conf/lo/accept_ra_rt_table: No such file or directory
E/Netd ( 689): Failed to open /proc/sys/net/ipv6/conf/sit0/accept_ra_rt_table: No such file or directory
E/Netd ( 689): Failed to open /proc/sys/net/ipv6/conf/tunl0/accept_ra_rt_table: No such file or directory
E/Netd ( 689): Failed to open /proc/sys/net/ipv6/conf/default/use_optimistic: No such file or directory
E/Netd ( 689): Failed to open /proc/sys/net/ipv6/conf/ccmni0/use_optimistic: No such file or directory
E/Netd ( 689): Failed to open /proc/sys/net/ipv6/conf/ccmni1/use_optimistic: No such file or directory
E/Netd ( 689): Failed to open /proc/sys/net/ipv6/conf/ccmni2/use_optimistic: No such file or directory
E/Netd ( 689): Failed to open /proc/sys/net/ipv6/conf/ifb0/use_optimistic: No such file or directory
E/Netd ( 689): Failed to open /proc/sys/net/ipv6/conf/ifb1/use_optimistic: No such file or directory
E/Netd ( 689): Failed to open /proc/sys/net/ipv6/conf/ip6tnl0/use_optimistic: No such file or directory
E/Netd ( 689): Failed to open /proc/sys/net/ipv6/conf/lo/use_optimistic: No such file or directory
E/Netd ( 689): Failed to open /proc/sys/net/ipv6/conf/sit0/use_optimistic: No such file or directory
E/Netd ( 689): Failed to open /proc/sys/net/ipv6/conf/tunl0/use_optimistic: No such file or directory
C:\Users\firas\Downloads\MtkDroidTools v2.5.3\New Folder>
Aucun commentaire:
Enregistrer un commentaire